{"id":26,"date":"2019-10-18T10:13:09","date_gmt":"2019-10-18T10:13:09","guid":{"rendered":"http:\/\/holidayhome.consulting\/?page_id=26"},"modified":"2021-08-24T07:47:10","modified_gmt":"2021-08-24T07:47:10","slug":"what","status":"publish","type":"page","link":"http:\/\/holidayhome.consulting\/","title":{"rendered":"Holiday Home Consulting"},"content":{"rendered":"\t\t<div data-elementor-type=\"wp-page\" data-elementor-id=\"26\" class=\"elementor elementor-26\" data-elementor-settings=\"[]\">\n\t\t\t\t\t\t<div class=\"elementor-inner\">\n\t\t\t\t\t\t\t<div class=\"elementor-section-wrap\">\n\t\t\t\t\t\t\t<section class=\"elementor-section elementor-top-section elementor-element elementor-element-29f301b elementor-section-boxed elementor-section-height-default elementor-section-height-default\" data-id=\"29f301b\" data-element_type=\"section\">\n\t\t\t\t\t\t<div class=\"elementor-container elementor-column-gap-default\">\n\t\t\t\t\t\t\t<div class=\"elementor-row\">\n\t\t\t\t\t<div class=\"elementor-column elementor-col-100 elementor-top-column elementor-element elementor-element-7b9d7d9\" data-id=\"7b9d7d9\" data-element_type=\"column\">\n\t\t\t<div class=\"elementor-column-wrap elementor-element-populated\">\n\t\t\t\t\t\t\t<div class=\"elementor-widget-wrap\">\n\t\t\t\t\t\t<div class=\"elementor-element elementor-element-c5ccc32 elementor-invisible elementor-widget elementor-widget-image\" data-id=\"c5ccc32\" data-element_type=\"widget\" data-settings=\"{&quot;_animation&quot;:&quot;rubberBand&quot;}\" data-widget_type=\"image.default\">\n\t\t\t\t<div class=\"elementor-widget-container\">\n\t\t\t\t\t\t\t\t<div class=\"elementor-image\">\n\t\t\t\t\t\t\t\t\t\t\t\t<img decoding=\"async\" src=\"http:\/\/holidayhome.consulting\/wp-content\/uploads\/2021\/01\/FrechDUCK-scaled-1.jpg\" title=\"FrechDUCK-scaled\" alt=\"FrechDUCK-scaled\" \/>\t\t\t\t\t\t\t\t\t\t\t\t\t\t<\/div>\n\t\t\t\t\t\t<\/div>\n\t\t\t\t<\/div>\n\t\t\t\t\t\t<\/div>\n\t\t\t\t\t<\/div>\n\t\t<\/div>\n\t\t\t\t\t\t\t\t<\/div>\n\t\t\t\t\t<\/div>\n\t\t<\/section>\n\t\t\t\t<section class=\"elementor-section elementor-top-section elementor-element elementor-element-619e6951 elementor-section-boxed elementor-section-height-default elementor-section-height-default\" data-id=\"619e6951\" data-element_type=\"section\">\n\t\t\t\t\t\t<div class=\"elementor-container elementor-column-gap-default\">\n\t\t\t\t\t\t\t<div class=\"elementor-row\">\n\t\t\t\t\t<div class=\"elementor-column elementor-col-100 elementor-top-column elementor-element elementor-element-48cfdb57\" data-id=\"48cfdb57\" data-element_type=\"column\">\n\t\t\t<div class=\"elementor-column-wrap elementor-element-populated\">\n\t\t\t\t\t\t\t<div class=\"elementor-widget-wrap\">\n\t\t\t\t\t\t<div class=\"elementor-element elementor-element-22b74269 elementor-widget elementor-widget-text-editor\" data-id=\"22b74269\" data-element_type=\"widget\" data-widget_type=\"text-editor.default\">\n\t\t\t\t<div class=\"elementor-widget-container\">\n\t\t\t\t\t\t\t\t<div class=\"elementor-text-editor elementor-clearfix\">\n\t\t\t\t<!-- wp:paragraph {\"align\":\"left\",\"fontSize\":\"large\"} -->\n<p class=\"has-text-align-left has-large-font-size\"> 1. Bilder mit <strong><em>gro\u00dfer Aufl\u00f6sung<\/em><\/strong>, so breit wie m\u00f6glich: <\/p>\n<!-- \/wp:paragraph -->\n\n<!-- wp:paragraph {\"fontSize\":\"medium\"} -->\n<p class=\"has-medium-font-size\"> 1.1 Normales Bildformat <\/p>\n<!-- \/wp:paragraph -->\n\n<!-- wp:paragraph -->\n<p> 1.1. b) Hintergrund NICHT fixiert <\/p>\n<!-- \/wp:paragraph -->\n\n<!-- wp:cover {\"url\":\"http:\/\/holidayhome.consulting\/wp-content\/uploads\/2020\/06\/Norm-5184x3456-1.jpg\",\"id\":70,\"dimRatio\":0,\"align\":\"full\"} -->\n<div class=\"wp-block-cover alignfull\" style=\"background-image:url(http:\/\/holidayhome.consulting\/wp-content\/uploads\/2020\/06\/Norm-5184x3456-1.jpg)\"><div class=\"wp-block-cover__inner-container\"><!-- wp:paragraph {\"align\":\"center\",\"placeholder\":\"Schreibe einen Titel\u2026\",\"fontSize\":\"large\"} -->\n<p class=\"has-text-align-center has-large-font-size\"><\/p>\n<!-- \/wp:paragraph --><\/div><\/div>\n<!-- \/wp:cover -->\n\n<!-- wp:paragraph -->\n<p> 1.1. a) Hintergrund fixiert: <\/p>\n<!-- \/wp:paragraph -->\n\n<!-- wp:image {\"align\":\"center\",\"id\":67} -->\n<div class=\"wp-block-image\"><figure class=\"aligncenter\"><img decoding=\"async\" loading=\"lazy\" width=\"5184\" height=\"3456\" src=\"http:\/\/holidayhome.consulting\/wp-content\/uploads\/2020\/06\/Norm-5184x3456.jpg\" alt=\"\" class=\"wp-image-67\" srcset=\"http:\/\/holidayhome.consulting\/wp-content\/uploads\/2020\/06\/Norm-5184x3456.jpg 5184w, http:\/\/holidayhome.consulting\/wp-content\/uploads\/2020\/06\/Norm-5184x3456-300x200.jpg 300w, http:\/\/holidayhome.consulting\/wp-content\/uploads\/2020\/06\/Norm-5184x3456-768x512.jpg 768w, http:\/\/holidayhome.consulting\/wp-content\/uploads\/2020\/06\/Norm-5184x3456-1024x683.jpg 1024w\" sizes=\"(max-width: 5184px) 100vw, 5184px\" \/><\/figure><\/div>\n<!-- \/wp:image -->\n\n<!-- wp:paragraph {\"fontSize\":\"medium\"} -->\n<p class=\"has-medium-font-size\"> 1.2 Breites Bildformat <\/p>\n<!-- \/wp:paragraph -->\n\n<!-- wp:paragraph -->\n<p> 1.2. a) Hintergrund fixiert:<\/p>\n<!-- \/wp:paragraph -->\n\n<!-- wp:cover {\"url\":\"http:\/\/holidayhome.consulting\/wp-content\/uploads\/2020\/06\/Wide-6424x1624.jpg\",\"id\":73,\"hasParallax\":true,\"dimRatio\":0,\"align\":\"wide\"} -->\n<div class=\"wp-block-cover alignwide has-parallax\" style=\"background-image:url(http:\/\/holidayhome.consulting\/wp-content\/uploads\/2020\/06\/Wide-6424x1624.jpg)\"><div class=\"wp-block-cover__inner-container\"><!-- wp:paragraph {\"align\":\"center\",\"placeholder\":\"Schreibe einen Titel\u2026\",\"fontSize\":\"large\"} -->\n<p class=\"has-text-align-center has-large-font-size\"><\/p>\n<!-- \/wp:paragraph --><\/div><\/div>\n<!-- \/wp:cover -->\n\n<!-- wp:paragraph -->\n<p> 1.2. b) Hintergrund NICHT fixiert <\/p>\n<!-- \/wp:paragraph -->\n\n<!-- wp:cover {\"url\":\"http:\/\/holidayhome.consulting\/wp-content\/uploads\/2020\/06\/Wide-6424x1624.jpg\",\"id\":73,\"dimRatio\":0,\"align\":\"wide\"} -->\n<div class=\"wp-block-cover alignwide\" style=\"background-image:url(http:\/\/holidayhome.consulting\/wp-content\/uploads\/2020\/06\/Wide-6424x1624.jpg)\"><div class=\"wp-block-cover__inner-container\"><!-- wp:paragraph {\"align\":\"center\",\"placeholder\":\"Schreibe einen Titel\u2026\",\"fontSize\":\"large\"} -->\n<p class=\"has-text-align-center has-large-font-size\"><\/p>\n<!-- \/wp:paragraph --><\/div><\/div>\n<!-- \/wp:cover -->\n\n<!-- wp:paragraph {\"fontSize\":\"large\"} -->\n<p class=\"has-large-font-size\"> 2. Bilder mit <strong><em>mittlerer Aufl\u00f6sung<\/em><\/strong>, so breit wie m\u00f6glich:  <\/p>\n<!-- \/wp:paragraph -->\n\n<!-- wp:paragraph {\"fontSize\":\"medium\"} -->\n<p class=\"has-medium-font-size\"> 2.1 Normales Bildformat <\/p>\n<!-- \/wp:paragraph -->\n\n<!-- wp:paragraph -->\n<p> 2.1. a) Hintergrund fixiert: <\/p>\n<!-- \/wp:paragraph -->\n\n<!-- wp:cover {\"url\":\"http:\/\/holidayhome.consulting\/wp-content\/uploads\/2020\/06\/Norm-2500x1667.jpg\",\"id\":69,\"hasParallax\":true,\"dimRatio\":0,\"align\":\"full\"} -->\n<div class=\"wp-block-cover alignfull has-parallax\" style=\"background-image:url(http:\/\/holidayhome.consulting\/wp-content\/uploads\/2020\/06\/Norm-2500x1667.jpg)\"><div class=\"wp-block-cover__inner-container\"><!-- wp:paragraph {\"align\":\"center\",\"placeholder\":\"Schreibe einen Titel\u2026\",\"fontSize\":\"large\"} -->\n<p class=\"has-text-align-center has-large-font-size\"><\/p>\n<!-- \/wp:paragraph --><\/div><\/div>\n<!-- \/wp:cover -->\n\n<!-- wp:paragraph -->\n<p> 2.1. b) Hintergrund NICHT fixiert <\/p>\n<!-- \/wp:paragraph -->\n\n<!-- wp:cover {\"url\":\"http:\/\/holidayhome.consulting\/wp-content\/uploads\/2020\/06\/Norm-2500x1667.jpg\",\"id\":69,\"dimRatio\":0,\"align\":\"full\"} -->\n<div class=\"wp-block-cover alignfull\" style=\"background-image:url(http:\/\/holidayhome.consulting\/wp-content\/uploads\/2020\/06\/Norm-2500x1667.jpg)\"><div class=\"wp-block-cover__inner-container\"><!-- wp:paragraph {\"align\":\"center\",\"placeholder\":\"Schreibe einen Titel\u2026\",\"fontSize\":\"large\"} -->\n<p class=\"has-text-align-center has-large-font-size\"><\/p>\n<!-- \/wp:paragraph --><\/div><\/div>\n<!-- \/wp:cover -->\n\n<!-- wp:paragraph {\"fontSize\":\"medium\"} -->\n<p class=\"has-medium-font-size\"> 2.2 Breites Bildformat <\/p>\n<!-- \/wp:paragraph -->\n\n<!-- wp:paragraph -->\n<p> 2.2. a) Hintergrund fixiert: <\/p>\n<!-- \/wp:paragraph -->\n\n<!-- wp:cover {\"url\":\"http:\/\/holidayhome.consulting\/wp-content\/uploads\/2020\/06\/Wide-2500x632.jpg\",\"id\":72,\"hasParallax\":true,\"dimRatio\":0,\"align\":\"full\"} -->\n<div class=\"wp-block-cover alignfull has-parallax\" style=\"background-image:url(http:\/\/holidayhome.consulting\/wp-content\/uploads\/2020\/06\/Wide-2500x632.jpg)\"><div class=\"wp-block-cover__inner-container\"><!-- wp:paragraph {\"align\":\"center\",\"placeholder\":\"Schreibe einen Titel\u2026\",\"fontSize\":\"large\"} -->\n<p class=\"has-text-align-center has-large-font-size\"><\/p>\n<!-- \/wp:paragraph --><\/div><\/div>\n<!-- \/wp:cover -->\n\n<!-- wp:paragraph -->\n<p> 2.2. b) Hintergrund NICHT fixiert <\/p>\n<!-- \/wp:paragraph -->\n\n<!-- wp:cover {\"url\":\"http:\/\/holidayhome.consulting\/wp-content\/uploads\/2020\/06\/Wide-2500x632.jpg\",\"id\":72,\"dimRatio\":0,\"align\":\"full\"} -->\n<div class=\"wp-block-cover alignfull\" style=\"background-image:url(http:\/\/holidayhome.consulting\/wp-content\/uploads\/2020\/06\/Wide-2500x632.jpg)\"><div class=\"wp-block-cover__inner-container\"><!-- wp:paragraph {\"align\":\"center\",\"placeholder\":\"Schreibe einen Titel\u2026\",\"fontSize\":\"large\"} -->\n<p class=\"has-text-align-center has-large-font-size\"><\/p>\n<!-- \/wp:paragraph --><\/div><\/div>\n<!-- \/wp:cover -->\n\n<!-- wp:paragraph {\"fontSize\":\"large\"} -->\n<p class=\"has-large-font-size\"> 3. Bilder mit <strong><em>kleiner Aufl\u00f6sung<\/em><\/strong>, so breit wie m\u00f6glich: <\/p>\n<!-- \/wp:paragraph -->\n\n<!-- wp:paragraph {\"fontSize\":\"medium\"} -->\n<p class=\"has-medium-font-size\"> 3.1 Normales Bildformat <\/p>\n<!-- \/wp:paragraph -->\n\n<!-- wp:paragraph -->\n<p>\n\n3.1. a) Hintergrund fixiert:\n\n<\/p>\n<!-- \/wp:paragraph -->\n\n<!-- wp:cover {\"url\":\"http:\/\/holidayhome.consulting\/wp-content\/uploads\/2020\/06\/Norm-900x600.jpg\",\"id\":68,\"hasParallax\":true,\"dimRatio\":0,\"align\":\"full\"} -->\n<div class=\"wp-block-cover alignfull has-parallax\" style=\"background-image:url(http:\/\/holidayhome.consulting\/wp-content\/uploads\/2020\/06\/Norm-900x600.jpg)\"><div class=\"wp-block-cover__inner-container\"><!-- wp:paragraph {\"align\":\"center\",\"placeholder\":\"Schreibe einen Titel\u2026\",\"fontSize\":\"large\"} -->\n<p class=\"has-text-align-center has-large-font-size\"><\/p>\n<!-- \/wp:paragraph --><\/div><\/div>\n<!-- \/wp:cover -->\n\n<!-- wp:paragraph -->\n<p>\n\n3.1. b) Hintergrund NICHT fixiert\n\n<\/p>\n<!-- \/wp:paragraph -->\n\n<!-- wp:cover {\"url\":\"http:\/\/holidayhome.consulting\/wp-content\/uploads\/2020\/06\/Norm-900x600.jpg\",\"id\":68,\"dimRatio\":0,\"align\":\"full\"} -->\n<div class=\"wp-block-cover alignfull\" style=\"background-image:url(http:\/\/holidayhome.consulting\/wp-content\/uploads\/2020\/06\/Norm-900x600.jpg)\"><div class=\"wp-block-cover__inner-container\"><!-- wp:paragraph {\"align\":\"center\",\"placeholder\":\"Schreibe einen Titel\u2026\",\"fontSize\":\"large\"} -->\n<p class=\"has-text-align-center has-large-font-size\"><\/p>\n<!-- \/wp:paragraph --><\/div><\/div>\n<!-- \/wp:cover -->\n\n<!-- wp:paragraph {\"fontSize\":\"medium\"} -->\n<p class=\"has-medium-font-size\"> 3.2 Breites Bildformat <\/p>\n<!-- \/wp:paragraph -->\n\n<!-- wp:paragraph -->\n<p>\n\n3.2. a) Hintergrund fixiert:\n\n<\/p>\n<!-- \/wp:paragraph -->\n\n<!-- wp:cover {\"url\":\"http:\/\/holidayhome.consulting\/wp-content\/uploads\/2020\/06\/Wide-900x228.jpg\",\"id\":71,\"hasParallax\":true,\"dimRatio\":0,\"align\":\"full\"} -->\n<div class=\"wp-block-cover alignfull has-parallax\" style=\"background-image:url(http:\/\/holidayhome.consulting\/wp-content\/uploads\/2020\/06\/Wide-900x228.jpg)\"><div class=\"wp-block-cover__inner-container\"><!-- wp:paragraph {\"align\":\"center\",\"placeholder\":\"Schreibe einen Titel\u2026\",\"fontSize\":\"large\"} -->\n<p class=\"has-text-align-center has-large-font-size\"><\/p>\n<!-- \/wp:paragraph --><\/div><\/div>\n<!-- \/wp:cover -->\n\n<!-- wp:paragraph -->\n<p>\n\n3.2. b) Hintergrund NICHT fixiert\n\n<\/p>\n<!-- \/wp:paragraph -->\n\n<!-- wp:cover {\"url\":\"http:\/\/holidayhome.consulting\/wp-content\/uploads\/2020\/06\/Wide-900x228.jpg\",\"id\":71,\"dimRatio\":0,\"align\":\"full\"} -->\n<div class=\"wp-block-cover alignfull\" style=\"background-image:url(http:\/\/holidayhome.consulting\/wp-content\/uploads\/2020\/06\/Wide-900x228.jpg)\"><div class=\"wp-block-cover__inner-container\"><!-- wp:paragraph {\"align\":\"center\",\"placeholder\":\"Schreibe einen Titel\u2026\",\"fontSize\":\"large\"} -->\n<p class=\"has-text-align-center has-large-font-size\"><\/p>\n<!-- \/wp:paragraph --><\/div><\/div>\n<!-- \/wp:cover -->\n\n<!-- wp:more -->\n<\/div><\/div><\/div><\/div><\/div><\/div><\/div><\/div><\/section><\/div><\/div><\/div> <a href=\"http:\/\/holidayhome.consulting\/#more-26\" class=\"more-link elementor-more-link\"><span aria-label=\"Weiterlesen: Holiday Home Consulting\">(mehr &hellip;)<\/span><\/a>","protected":false},"excerpt":{"rendered":"<p>1. Bilder mit gro\u00dfer Aufl\u00f6sung, so breit wie m\u00f6glich: 1.1 Normales Bildformat 1.1. b) Hintergrund NICHT fixiert 1.1. a) Hintergrund fixiert: 1.2 Breites Bildformat 1.2. a) Hintergrund fixiert: 1.2. b) Hintergrund NICHT fixiert 2. Bilder mit mittlerer Aufl\u00f6sung, so breit wie m\u00f6glich: 2.1 Normales Bildformat 2.1. a) Hintergrund fixiert: 2.1. b) Hintergrund NICHT fixiert 2.2 [&hellip;]<\/p>\n","protected":false},"author":1,"featured_media":0,"parent":0,"menu_order":0,"comment_status":"closed","ping_status":"closed","template":"elementor_canvas","meta":[],"_links":{"self":[{"href":"http:\/\/holidayhome.consulting\/index.php?rest_route=\/wp\/v2\/pages\/26"}],"collection":[{"href":"http:\/\/holidayhome.consulting\/index.php?rest_route=\/wp\/v2\/pages"}],"about":[{"href":"http:\/\/holidayhome.consulting\/index.php?rest_route=\/wp\/v2\/types\/page"}],"author":[{"embeddable":true,"href":"http:\/\/holidayhome.consulting\/index.php?rest_route=\/wp\/v2\/users\/1"}],"replies":[{"embeddable":true,"href":"http:\/\/holidayhome.consulting\/index.php?rest_route=%2Fwp%2Fv2%2Fcomments&post=26"}],"version-history":[{"count":14,"href":"http:\/\/holidayhome.consulting\/index.php?rest_route=\/wp\/v2\/pages\/26\/revisions"}],"predecessor-version":[{"id":309,"href":"http:\/\/holidayhome.consulting\/index.php?rest_route=\/wp\/v2\/pages\/26\/revisions\/309"}],"wp:attachment":[{"href":"http:\/\/holidayhome.consulting\/index.php?rest_route=%2Fwp%2Fv2%2Fmedia&parent=26"}],"curies":[{"name":"wp","href":"https:\/\/api.w.org\/{rel}","templated":true}]}}